d) + 4*q(d). Calculate w(-1).
-3
Let i(u) = -u + 5. Let q be ((-2)/3)/((-10)/30). Suppose -12 = -5*w + q*r, -w + 4*r - 20 = -2*w. Determine i(w).
1
Let t(u) = -3*u**2 + 10*u**3 - 11*u**3 + 0*u**2. What is t(-4)?
16
Suppose -22*a = -27*a + 5. Suppose 0 = 5*m + a + 4. Let q(v) = v**2 - 1. Let p(d) = 7*d**3 + 4*d**2 - 3. Let c(s) = p(s) - 2*q(s). What is c(m)?
-6
Let y(t) = -t**2 + 12*t - 30. Let i be y(9). Let c(j) be the first derivative of j**4/4 + j**3/3 - 3*j**2/2 + j - 1. Calculate c(i).
-8
Let b(s) = -3*s**3 + s. Suppose 2*r = t + 4, 4*r - 3*r + 2*t = -3. What is b(r)?
-2
Let x(l) = -3*l**2 + 3*l**2 - 2 - l**2. Let n(p) be the first derivative of p**3/3 - p**2/2 + p - 1. Let f(t) = 2*n(t) + x(t). What is f(2)?
0
Let p(g) = -g**3 + 3*g**2 - 3*g + 4. Let m(l) = l**2 - l - 2. Let f = 7 - 5. Let r be m(f). Suppose 2*c = -r*c + 6. Calculate p(c).
-5
Let f(k) = 1 + 16*k - 2 + 6 - 14*k. What is f(-4)?
-3
Suppose b - 2 = 3*b + 5*q, 2*b + 2 = q. Let g(d) = 5*d - 3*d - d. Determine g(b).
-1
Let v(g) = 8*g**3 + g**2 + 2*g + 1. Suppose -2 = 40*h - 38*h. What is v(h)?
-8
Let p(k) = -2*k + 5. Let i(z) = z**2 - 16*z + 19. Let v be i(15). What is p(v)?
-3
Suppose 0 = -2*i - 2*i - 8. Let q be 4 - 0/(i/(-1)). Let l(w) be the third derivative of -w**4/24 - w**3/2 - 8*w**2. Calculate l(q).
-7
Let g be (1/3)/((-1)/12). Let k(f) be the third derivative of -1/12*f**4 - 1/60*f**5 + 1/6*f**3 - 2*f**2 + 0*f + 0. Give k(g).
-7
Let k(o) be the first derivative of -3*o**2/2 + 3*o - 65. Calculate k(-3).
12
Let p = 4 + -2. Let z(b) = 9*b**p - b**2 + 1 - 2*b - 3*b**2. What is z(1)?
4
Let f(y) be the first derivative of -y**3/3 + y**2 + 4*y - 16. Give f(5).
-11
Let h(x) = -1. Let g(r) = -1. Let p(f) = 5*g(f) - 6*h(f). Let c = 3 - 1. Let u(m) = -3*m - 2. Let d(v) = c*p(v) - u(v). Determine d(-3).
-5
Let r(f) = f + 2. Let l = -3 + -9. Let w = -10 - l. Give r(w).
4
Let r(j) = -2*j**2 - 5. Let o(u) = -u + 1. Let m(s) = -2*o(s) - r(s). What is m(-2)?
7
Suppose 17 + 25 = 3*a. Let w(m) = -3*m - a + m - 3*m**2 - 3*m. Let l(s) = s**2 + 2*s + 5. Let j(q) = 17*l(q) + 6*w(q). Determine j(3).
4
Let j(q) = q - 2. Suppose -3*s + 2 = -13. Determine j(s).
3
Let u(k) = -k**3 + 4*k**2 - k - 3. Let o be u(3). Suppose -o*w + 9 + 6 = 0. Let s(x) = x - 2. Calculate s(w).
3
Let u(g) be the first derivative of g**2/2 + 6*g + 21. Calculate u(-4).
2
Let s(k) = -k**2 - k - 2. Let d(r) = -r - 2. Let n(t) = 3*t + 6. Let f(j) = -8*d(j) - 3*n(j). Let w be f(0). Let z be -2*(-3)/6*w. What is s(z)?
-4
Suppose -w - 3*v = -1 - 5, 2*w + 8 = 4*v. Suppose f = -3*f + 12. Let o(h) = -7*h**3 + 17*h**3 - 9*h**f + h - 11. Give o(w).
-11
Let w(n) = -n**2 - 8*n - 5. Let p be w(-7). Let d(k) = 9 + 2*k**p - 2 + 2 - 9*k - k**2. What is d(8)?
1
Let v be 2/4*(6 + -2). Let m(p) = p**2 - p + 1 + 3 - v. Calculate m(2).
4
Let f(j) = -2*j - 2. Let q(g) = g + 6. Let t be q(-3). What is f(t)?
-8
Let f(v) = v + 2. Let p(h) = 6*h**3 - h**2 + h. Let j be ((-2)/3)/((-6)/9). Let a be p(j). Suppose 3*n = -s - 6, -5*s - 14 = 5*n + a. What is f(s)?
-1
Let a(c) = -2*c - 2 + 0 - 3 + 4. Suppose 0 = -b - 0 - 2. Calculate a(b).
3
Let v = 14 + -11. Let d(c) be the second derivative of -c**4/12 + c**3/3 + 2*c**2 + 3*c. Determine d(v).
1
Let t(v) = -4*v**2 - 3*v - 1. Let o(c) = 3*c**2 + 3*c + 1. Let m(g) = -5*o(g) - 4*t(g). Let d be (-3)/3*1/1. Let a be (6/4)/(d/(-2)). Give m(a).
-1
Let n = -3 - 2. Let f(d) be the third derivative of -1/120*d**6 + 4*d**2 + 1/4*d**4 + 0 - 1/15*d**5 + d**3 + 0*d. Give f(n).
1
Let y(w) be the first derivative of 2*w**3/3 - w**2 - w + 1. Let r = -339 - -338. Give y(r).
3
Let t(k) = -1206 - k + 1208 - 4*k**2 + 3*k**2. What is t(2)?
-4
Let n(h) = -h**2 - h + 4*h**2 - 4*h**2. Suppose -1 = -2*l + 1. Give n(l).
-2
Let t(z) = -z**2 - 7*z - 4. Let u = 8 - 5. Suppose -3*f - 3 = -u*p, 3*f + 2*p + 28 = -f. Calculate t(f).
6
Let l(o) = -2*o**3 + 2*o**2 + 2*o. Let h(f) = -f**3 - f**2 + 5. Let c = -1 + 1. Let a be h(c). Suppose -a*p + 10 = -0*p. Determine l(p).
-4
Let p(t) = t**2 - 5*t - 7. Let l(d) = -2*d**2 - 5*d + 5. Let u be l(2). Let y = u + 19. What is p(y)?
-1
Let t = 45 - 48. Let h(d) = -5*d**3 + d**2 + 7*d - 4. Let l(p) = 6*p**3 - 2*p**2 - 8*p + 5. Let w(i) = 5*h(i) + 4*l(i). Give w(t).
-9
Let x(n) = -7*n**3 - 5*n**2 - 5*n + 11. Let f(o) = 14*o - 3*o**2 + 11*o**2 + 20*o**3 - 32 + 6*o**2. Let t(c) = -6*f(c) - 17*x(c). Calculate t(0).
5
Let s(x) = -x + 2. Let u be s(0). Suppose 3*w - u*w + 6 = 0. Let b(h) = h**2 + 8*h + 2. Determine b(w).
-10
Suppose 3*w = -3*y + 6, 2*y - 4*y = -2*w + 4. Let q(h) = 1 + 4*h**2 + 0*h + h**3 - 6*h**2 - h. What is q(w)?
-1
Let p(z) be the second derivative of 3*z + 1/6*z**3 - 3/2*z**2 + 1/20*z**5 + 0 + 5/12*z**4. Give p(-5).
-8
Let a(f) = -2*f - 4*f + 1 + 6*f + 7*f - f**2. Give a(6).
7
Let h(i) = i**2 - 3*i - 2. Let k be (-16)/6*(-27)/6. Suppose -4*n + k = -n. Suppose 0 = -4*g - 4*u + n, 2 = 3*g + 5*u + 5. Give h(g).
2
Suppose 3*p = -w - 0*p + 10, -2*p + 12 = 2*w. Suppose 2*s - 4 - w = 0. Let g(y) = y**3 - 4*y**2 - 2*y**2 - y + 2*y**2 + 5. Give g(s).
1
Let w(r) = r**3 - 6*r**2 + 6*r - 3. Let k(t) = t**3 + 5*t**2 + 4*t + 5. Suppose h = -1 - 3. Let z be k(h). Give w(z).
2
Let r(u) = -u**2 - u - 5. Suppose -5*a = -4*b, -5*a = 4*b - 0*a. Let p be r(b). Let i(y) = 2*y + 7. Give i(p).
-3
Suppose -3*z + 13 = -2. Let a = 2 + 0. Let q(w) = 4*w**a + w**2 - w**3 + 0*w - 2 + w. Determine q(z).
3
Let g = 1 + -1. Suppose -3*i = 5*c - 7, -c - 3*i - 4 = -3. Let h = c - g. Let v(q) = 2*q + 1. Give v(h).
5
Suppose 3*b = b - 12. Let m(n) = -n**2 - 7*n + 3. Give m(b).
9
Let n(i) be the third derivative of -7*i**6/120 + i**4/24 + i**3/6 + i**2. Suppose -37*t - 9 = 28. Determine n(t).
7
Let l be (84/(-35))/((-6)/20). Let f(z) = -z + 2*z - 8*z + l*z - z**2. What is f(-2)?
-6
Let j(d) be the first derivative of -d**4/4 - 7*d**3/3 - d**2 - 9*d - 4. Calculate j(-7).
5
Let m(a) = a**3 - 2*a**2 - 5*a. Suppose 48 + 37 = -5*r. Let p(b) = 3*b**3 - 6*b**2 - 14*b. Let n(u) = r*m(u) + 6*p(u). What is n(1)?
0
Suppose -g = 1 - 0. Let f(q) be the first derivative of 7*q**2/2 + q + 4. Calculate f(g).
-6
Let g(q) = q**2 + 4*q + 4. Let f be g(-4). Suppose f*c - 2*c = 0. Let j(b) = c - 2 - 1 - 2*b. What is j(-4)?
5
Let d(s) = s**2 - s**2 - 2*s**2 + 3*s**2 - 1. Let p(q) = q + 4. Let m(a) = -d(a) - p(a). What is m(-3)?
-9
Let j(q) = q**2 - 9*q - 11. Let r = -109 - -119. Give j(r).
-1
Let i(u) = -7*u - 8. Let q(n) = n + 1. Let d(r) = i(r) + 6*q(r). Let w be -1*3/(0 + -3). Suppose -p + w = -2*l, -6*l - 5*p - 25 = -l. Calculate d(l).
0
Let n(x) = 5*x + 0 + 2 - 11*x**3 + 4*x**2 - 15*x**3 + 25*x**3. Determine n(4).
22
Let u(t) = t**2 + t + 1. Let c(h) = -2*h**2 - 6. Let y(l) = -c(l) - 3*u(l). Determine y(-3).
3
Let l(t) = t**2 - 5*t - 2. Suppose 14 + 16 = 5*m. What is l(m)?
4
Let j(b) = -b**2 - b + 1. Suppose 0 = -0*v - 3*v + 30. Suppose 3*t + v = u, 3*t + 12 = 2*u + 4. Calculate j(u).
-1
Let o(v) = v**2 + v - 4. Suppose -2*p - p + 9 = -d, -2*p = -2*d - 6. Determine o(d).
-4
Suppose 4*v + 2 = -5*f + 5, -5*v = 3*f - 7. Let l(p) = -12*p**2 - 1 - 9*p**2 - 11*p**2 + 3*p + 43*p**2 - 10*p**2. Give l(v).
9
Let i(n) be the third derivative of -7*n**2 - 1/6*n**3 + 0*n + 1/24*n**4 + 0. Determine i(-2).
-3
Let r(s) be the third derivative of 0 - 4*s**2 + 0*s + 0*s**3 - 1/120*s**6 + 1/24*s**4 - 1/60*s**5. Give r(-2).
2
Let p(x) = 6*x - 9*x**2 + x**3 + 3*x**2 + 8 + 4 - 7. Suppose 3*n + 2*c = -0*n + 11, 3*c + 6 = 0. What is p(n)?
10
Let y(h) = 3 - 6 - 5 + 2*h. Let g(m) = -3*m + 9. Let u(f) = -3*g(f) - 4*y(f). Suppose 0 = -4*c - 3*a - 22, -3*c + 3*a = 3 + 3. Give u(c).
1
Let p(q) = -7 + 14 - 14 + 4*q - 5*q. Determine p(6).
-13
Suppose -3*b = 5*v + 8, 2*b - 4*v = -3*v + 12. Suppose 0 = 2*g - b - 0. Let s(o) = -4*o**g + 5 - 6 + 3*o**2. Calculate s(-2).
-5
Let g(b) = -12*b**2 + 2*b**2 + 9*b**2. Let l be (4/(-3))/(-4)*-3. Give g(l).
-1
Let q(x) = x**2 + x - 9. Let h(l) be the first derivative of -l**3/3 + 8*l - 1. Let b(m) = 5*h(m) + 4*q(m). Determine b(5).
-1
Let l(n) = n**2 - 7*n - 3. Let y be (-2)/(8/(-6) - -2). Let s be -3*(5/y - 0). Calculate l(s).
-13
Let p(b) be the second derivative of -b**3/6 - 7*b**2/2 + 10*b. What is p(-6)?
-1
Suppose -2*f + f + 10 = 2*q, 25 = 4*f + 5*q. Suppose 2*x - 4*x + a + 9 = 0, -x - 5*a - 23 = f. Let b(y) = 11 + 0*y**